u(k) = -6*k. Determine u(s).
6
Suppose 38 - 48 = -5*j. Let l(y) = -12*y + 36*y - 25*y - 8*y**j. Let o = 4 + -3. Calculate l(o).
-9
Let z(u) = -7*u - 279. Let k(v) = -3*v - 115. Let h(g) = 12*k(g) - 5*z(g). What is h(5)?
10
Let y be ((-6)/10)/((-3)/15). Let w(x) = 2*x + 1 - y - 8 + 2. Give w(7).
6
Suppose 5*a - 5*b = 0, -2*b = -6*b + 8. Let w(o) = 3 + 2*o**a + 325*o + o**3 - 634*o + 314*o + o**2. What is w(-3)?
-12
Let h = 12644 + -12652. Let u(c) = 4*c**2 - 15*c - 13. Let s(f) = -5*f**2 + 16*f + 12. Let o(g) = 5*s(g) + 6*u(g). Calculate o(h).
-2
Let l(v) be the first derivative of -v**4/8 + 3*v**3/2 - 96*v**2 - 65. Let u(s) be the second derivative of l(s). What is u(6)?
-9
Let a(h) = -11*h + 44*h + 47080201 - 47080257 - 3*h**2. Give a(9).
-2
Let m = -23 + 34. Let h(j) = -8*j**2 + 5*j**2 - 167*j**3 - j + 77*j**3 + 2 + 91*j**3 - 8*j**2. Determine h(m).
-9
Let v(w) = w**3 + w**2 - 1. Let t = -103 - -105. Suppose 2*f = -t, 4*m + 0*f - 5*f = -3. Calculate v(m).
-5
Suppose 0 = -5*y + 3*y - 3*a + 22, 5*a = -5*y + 45. Let s(q) = q**3 - 6*q**2 + 14*q - 44. Give s(y).
1
Let h be (4/12)/(4/24). Let k(o) = 33*o**2 - 14*o**h - 2 - 14*o**2 - 9*o**2 - 4*o. Let g be -3 - -2 - 1/1. What is k(g)?
-10
Suppose 3*d = w + 47, 3*w = 3*d - 2*d - 13. Let o(z) = -10*z + 5 + 3*z - 34*z**2 + d*z**2 + 9*z**2 + 11*z**2. Determine o(4).
9
Let c(w) = -w**2 + 4*w + 9. Let t be (23 - 20) + (-1 - -29) + 0. Suppose 5*a + t = -3*l + 4*l, 4*a = 5*l - 50. Give c(l).
-3
Let u be (-1 - (9 - (-1332)/(-135))) + (-2635)/(-75). Let w(j) = j**2 - 37*j + 55. Determine w(u).
-15
Let a(t) be the first derivative of -t**4/4 - 2*t**3/3 + 2*t**2 + 3*t + 3016. Determine a(-1).
-2
Let w(y) = 5*y**2 + 5 + 0*y + 3*y**3 - 4*y - 8 + 11. Let n(b) = -7*b**3 - 10*b**2 + 8*b - 16. Let s(q) = 2*n(q) + 5*w(q). What is s(-6)?
-4
Let q(v) = 3*v**3 - 3*v + 1. Let h be q(2). Suppose -h*l = -15*l - 20. Let x(j) = j**2 - 2*j - 3. What is x(l)?
12
Let q(o) = 3*o + 46. Let z(x) = x**2 + 29*x + 138. Let c be z(-22). What is q(c)?
-2
Suppose 102*p = 107*p + 15. Let f be (((-14)/p)/2)/((-287)/(-246)). Let c(b) = -4*b + 8. Give c(f).
0
Let v(i) = -i**2 - 11*i + 71. Let u = 1168 - 1184. Give v(u).
-9
Let f(y) be the second derivative of -y**5/12 - y**2 + 2*y. Let x(w) be the first derivative of f(w). Let j be 12/576 - 2695/2640. Determine x(j).
-5
Suppose -1201*i + 4*v + 21 = -1202*i, -39 = -3*i + 5*v. Let d(p) be the third derivative of -p**4/12 - p**3/3 - 63*p**2. Calculate d(i).
-8
Let x be 1*(-6 + (-45)/(-3)). Suppose 3*j - y = 2, -x*j - 4*y - 8 = -12*j. Let g(s) be the second derivative of -s**3/6 - 3*s**2 + s. Determine g(j).
-6
Let q(w) be the first derivative of -4*w**2 - 44*w + 1953. Give q(-5).
-4
Let r(k) = k**3 - 3*k**2 - 4*k + 1. Let z(p) = 21 - p**3 + 32*p + 40*p + 4*p**2 - 29*p. Let v be z(9). Give r(v).
-11
Let r(z) = -10 + 7652*z - 7655*z + 18. Give r(-6).
26
Let w(b) = 11*b**2 - 6*b + 317. Let i(o) = 23*o**2 - 13*o + 687. Let t(l) = 6*i(l) - 13*w(l). Suppose 0 = x - 2 + 6, -3*u = -5*x - 23. Determine t(u).
-4
Let s(m) = 4*m - 6. Let y be s(7). Suppose -j = -2*j + 2*n + 12, y = j - 4*n. Let h(t) = -7 - t**3 + 7*t + 7*t**j + 4*t - 13*t. Determine h(6).
17
Let i(b) = -19*b + 7. Let w be (160/(-36))/(380/(-855)). Give i(w).
-183
Let c = -22 - -33. Let r(a) = -163*a + 21. Let n(t) = -93*t + 11. Let o(l) = -7*n(l) + 4*r(l). Give o(c).
-4
Let w(n) = -10*n - 3*n - 11 + 3*n**3 - 4*n**3 + 29 + 12*n - n**2. Determine w(0).
18
Let t(d) = -5*d**2 + 10*d - 2. Let f(n) = 22*n**2 - 41*n + 9. Suppose -107*o = -109*o - 4. Let m(p) = o*f(p) - 9*t(p). Determine m(8).
0
Let n(s) = 3 - s - 28*s**2 - 4 - 21*s**2 + 8*s**2 + 9*s**2. Give n(-1).
-32
Let v(q) be the second derivative of -1/20*q**5 + 5/12*q**4 - 7/2*q**2 + 33*q + 0 + 1/3*q**3. Determine v(5).
3
Suppose -3*c = 5*n - 15, 0 = -0*c + c + 4*n - 5. Let y be (-145)/(-20) - -4*1/(-16). Let b(z) = -14 - z**3 - 2*z + y*z**2 - z**2 + 13. Give b(c).
14
Let f(c) be the first derivative of 15*c**2/2 - 49*c - 909. Calculate f(3).
-4
Let l(h) = -12*h + 4. Suppose 80*n = -74*n - 98*n + 756. What is l(n)?
-32
Let a(o) = -7 + 124*o - 65*o - 5 - 60*o. Suppose -5*n + j = -0 - 1, 4*n - j = 1. Give a(n).
-12
Let s(l) = l**3 + 6*l**2 - 10*l - 17. Let q be s(-7). Suppose p - q*o + 4 = -2, 0 = -2*p + o - 12. Let d(z) = -2*z - 8. Determine d(p).
4
Let u(y) be the first derivative of 2*y**3/3 - 11*y - 1142. Give u(0).
-11
Let x(n) = -2*n**2 - 25*n - 98. Let c be (-2)/((-3)/(-8)*208/156). What is x(c)?
-30
Let w(b) = -b**3 - 2*b + 5. Let g(l) = 2*l**3 + l**2 + 5*l - 11. Let j(o) = 2*g(o) + 5*w(o). Let c = 14 - 8. Suppose 5*n = 2*m + 3*n, -2*n = -c. What is j(m)?
-6
Let f(z) = 6*z - 42. Let l be f(9). Let d(c) be the third derivative of c**4/24 - c**3/2 + 468*c**2. Give d(l).
9
Let z(m) = 15*m - 4. Let x be (3/9)/((-2)/12). Determine z(x).
-34
Let d(o) = 3*o**2 - 48 + 269*o - 96*o + 26 - 153*o. What is d(-7)?
-15
Let b(h) = 2*h**2 + 3*h + 1. Suppose 0 = -10*m + 25 - 25. Suppose 6*l - 8*l - 4 = m. Calculate b(l).
3
Suppose -3*g + 0*g + 3*q - 36 = 0, 2*g - 3*q + 24 = 0. Let d(p) = 2146*p - 13627*p**2 - 11 + 13628*p**2 - 6 - 2135*p + 4 - 4. What is d(g)?
-5
Let s(b) be the second derivative of -b**7/210 + b**5/120 + b**3/6 + 3*b**2 - 21*b. Let j(x) be the second derivative of s(x). Give j(-1).
3
Let g(q) = -q**2 + q + 2. Let d be (114/95)/(1/10). Let z(h) be the first derivative of h**3/3 - 6*h**2 - 3*h - 36. Let n be z(d). Give g(n).
-10
Let l(r) = -r**2 - 371*r + 2653. Let a be l(7). Let n(b) = -117*b + 823. What is n(a)?
4
Let f(i) = -i**3 + 20*i**2 - i + 22. Let h be f(20). Let p(q) = -3*q**2 - h*q + 6 + 2 + 2*q**2 - 6. Determine p(-5).
-13
Let d(x) be the second derivative of x**3/3 + x**2/2 + 2*x - 28. Suppose -5*y + 27 = -3*o + 7, 2*o - 3*y + 12 = 0. Suppose o*n - 5 = n. Calculate d(n).
-9
Suppose 0 = 5*q - 4*j, -j - 15 = 2*j. Let k(z) be the third derivative of -z**6/120 - z**5/15 + z**4/4 + z**3/6 + 3858*z**2. Give k(q).
-23
Let b(t) = -t**3 - 3*t**2 - t - 1. Suppose -5*d = 15, -y - 4*d = -d + 9. Suppose y = 2*x + 1 + 1. Let k be x - (-10)/5 - 3. Determine b(k).
-3
Let j(n) be the third derivative of n**5/60 - 5*n**3 - 6057*n**2. What is j(0)?
-30
Let s be (-134)/(-7) - 7/49. Let r = s - 19. Let t(f) = -315*f**2 + 6 + 625*f**2 - 309*f**2. Calculate t(r).
6
Let h(n) = 5*n**2 - 21*n - 34. Let t(r) = 2*r**2 - 10*r - 16. Let x be (-1)/5 + 0 + (-2006)/295. Let f(p) = x*t(p) + 3*h(p). What is f(-7)?
10
Let v(n) = -9*n**2 + 9*n. Let k(m) = m**2 - 2*m - 2. Let f(x) = 2*k(x) + v(x). What is f(2)?
-22
Let p(a) = 2*a**2 - 2. Let l be 6/(-9)*411/(-2). Let g = l - 139. Calculate p(g).
6
Let u(d) = -54*d - 89. Let j be u(-4). Suppose j = 4*b + 107. Let o(f) = f - 12. Calculate o(b).
-7
Suppose -20 = -2*w + 2*n, -w + 14 = -5*n - 8. Let l(f) = 2*f + 3*f - 2*f - w + 5. What is l(-1)?
-5
Let d be -3 - (-6)/((-25)/((-100)/24)). Let x(h) = -24*h + 1. Determine x(d).
49
Let w(b) = 12 + 1 - 4*b - 3. Let n be (54/12 - 4)*8 - 148. Let a = n + 151. Give w(a).
-18
Let l(q) = -3 + 0 - 238495*q + q**3 + 238504*q + 7*q**2. Give l(-5).
2
Let s(c) = c - 1. Let l(h) = -55*h**2 - 12*h + 15. Let j(o) = -19*o**2 - 4*o + 5. Let a(y) = 17*j(y) - 6*l(y). Let w(t) = -a(t) + 5*s(t). What is w(1)?
-6
Suppose -445*g = -439*g + 30. Let f(l) = -14*l**3 + 12*l**2 - 5*l + 7. Let x(u) = 16*u**3 - 10*u**2 + 4*u - 6. Let a(w) = g*f(w) - 6*x(w). Give a(-1).
26
Let a(t) = 21555*t - 5 - t**2 - 21561*t + 4. Let y(z) = -z**2 + 4. Let v be y(3). Calculate a(v).
4
Let b(p) = 8*p**2 - 8*p + 3*p + p - p**3 - 6 - 2*p - p. Let c be 4*(2 - 1/2). Calculate b(c).
24
Let n = 2 - 4. Let q be (-2 + -4)*(-13)/39. Let p(m) = q*m - 1 - 2*m + 5*m + 0. Determine p(n).
-11
Let m(v) = -20*v**3 - 78*v**2 - 35*v + 34. Let f(g) = 7*g**3 + 28*g**2 + 12*g - 12. Let d(u) = -17*f(u) - 6*m(u). Suppose q - 7 = -3*k, 0 = 4*k + k. Give d(q).
-7
Let m(s) = -7*s - 15. Suppose -6*a = -3 + 27. Let d(x) = 12*x + 29. Let v(i) = a*d(i) - 7*m(i). Give v(12).
1
Let p(m) = -3*m + 23. Suppose 240 = 851*j - 821*j. Calculate p(j).
-1
Let k = 58895 - 58887. Let m(s) be the first derivative of s**3/3 - 7*s**2/2 - 14*s - 1. Calculate m(k).
-6
Let n(c) = 7787 - 2597 - 2599 - 24*c - 2585 + 6*c - 2*c**2. Let i = -5 - 4. Calculate n(i).
6
Let s(x) = 17*x - 10. Let c(i) = 4*i - 5. L